5 - 5. Let j = q - n. Calculate y(j).
-3
Let m(t) = 8*t**2. Let i be m(-1). Suppose -4*b = d + i, 0*b - d + 4 = -2*b. Let c(j) be the first derivative of -j**3 - j**2 + 2*j + 1. Determine c(b).
-6
Let p be (-2)/3 - (-10)/6. Let m(c) be the first derivative of c**3 - c**2/2 + c - 294. What is m(p)?
3
Let v(t) = t**3 + t**2 - 3*t + 4. Let u(d) = -d**3 + 13*d**2 - 11*d - 2. Let b be u(12). Let z be 2 + b/(-5) - 3. Determine v(z).
-5
Let d(k) = -2*k**2 + 3*k - 4. Suppose -2*o = 3*o + 225. Let x = o + 36. Let f(c) = -3*c**2 + 7*c - 9. Let a(y) = x*d(y) + 4*f(y). What is a(-1)?
5
Let y = -3/523 + 532/1569. Let j(a) be the first derivative of 1/2*a**2 + y*a**3 - 6 - 4*a. Give j(-3).
2
Let m be (-2)/(-8) + 190/8. Let k = -450 - -454. Suppose k*v + m = -0*v. Let n(l) = -l**3 - 5*l**2 + 7*l. What is n(v)?
-6
Let b(d) be the first derivative of d**4/4 - 4*d**3/3 - 3*d**2 - d - 309. What is b(5)?
-6
Let p be 44/8 + (-2)/4. Suppose -12 + 44 = 4*q - 4*g, 3*q - 4*g - 29 = 0. Let l(c) = -c**3 - 6*c + 2*c**q + 34*c**2 - 37*c**2 - 7. Determine l(p).
13
Let z(y) be the first derivative of y**6/120 - y**4/24 - y**3/3 + 27*y**2/2 + 23. Let g(m) be the second derivative of z(m). Let u = -4 + 2. What is g(u)?
-8
Let l(b) = -4*b + 43. Let f(z) = z - 11. Suppose -4*i = -5*y - 23 - 33, 35 = 3*i - 2*y. Let k(j) = i*f(j) + 2*l(j). Give k(8).
-5
Let w(b) be the first derivative of -b - 1 - 5/2*b**2. Let r be 80/(-44) - ((-48)/(-22) + -2). Calculate w(r).
9
Let m(s) = -s**2 - 5*s - 2. Suppose v = t - 4, -2*t - t + 2*v + 15 = 0. Suppose -t*o = -15*o - 32. What is m(o)?
2
Let u = 1661 + -1663. Let n(r) = 3*r**2 - r + 2. Determine n(u).
16
Let d be -5 - 132/(-28) - (-24)/(-14). Let b(t) = t**2 + 2*t + 3. Determine b(d).
3
Suppose -2*l + 4*d = 0, -20*l = -25*l + 2*d - 16. Let v(f) = -f**3 - f**2 + 6*f + 1. Calculate v(l).
25
Let k(z) = -6*z**2 - 3*z. Let g(y) = -7*y**2 - 4*y - 1. Let m(u) = -5*g(u) + 6*k(u). Let l = -13 - -17. What is m(l)?
-3
Let q(a) = -2*a - 2. Let r = 3 + -107. Let z = 109 + r. Give q(z).
-12
Suppose 356*t = 368*t - 36. Let j(c) = -2*c**2 + 7*c - 9. What is j(t)?
-6
Let l be ((-32)/40)/((-4)/10). Let p(y) be the third derivative of 0 + 1/12*y**4 - 2*y**l + 0*y - y**3. Calculate p(4).
2
Let o(q) = 7 + 12*q**2 - 4 + 19*q**2 + 16*q**2 - 53*q**2 - q. Calculate o(-2).
-19
Let k(b) = b**3 + 7*b**2 - 9*b - 12. Let h be 252/(-30) - 2/(-5)*1. What is k(h)?
-4
Let u(h) be the second derivative of h**5/30 + h**4/8 + 2*h**3/3 - 4*h**2 + 11*h. Let s(j) be the first derivative of u(j). Determine s(-3).
13
Let c(s) = -s + s - s + 6. Let f(u) = 4*u**3 + u**2 - 6*u + 3. Let m be f(-3). Let n = m + 73. Give c(n).
11
Suppose 65 + 0 = 13*k. Let q(b) = b**2 - 4*b - 1. What is q(k)?
4
Suppose -4*i - 2*x = 12, -i = -x - 2 + 5. Let y(b) = -b**2 - 5*b - 3. What is y(i)?
3
Let n(k) = k**3 + 6*k**2 - 2*k - 3. Let g = -353 + 348. Calculate n(g).
32
Let p(y) = 13*y - 6*y + 0*y - 1 - 2*y. Determine p(-2).
-11
Let a(q) = -q**3 + 2*q**2 + 5*q - 10. Suppose 4*n - 6 = -2*m, -5*m + 37 = -4*n + 50. Determine a(n).
0
Let b = 1535 + 1345. Let s(c) = -b + c**2 + 2880 + c + 6*c**3. Determine s(-1).
-6
Let j(h) = 5*h**2 - h. Let y be (-73)/(-4) - 3/(-4). Let r = -7 + y. Let n be ((-3)/r)/(3/12). What is j(n)?
6
Let t(n) = 3*n - 21. Let r be t(10). Let w(f) = f**2 - 9*f - 1. Calculate w(r).
-1
Let z = 800 + -798. Let u(q) = -6*q + 2. Give u(z).
-10
Suppose -5*r - 3 = 5*o - 33, 2*o - 2*r = 32. Let u(g) = -g**3 + 12*g**2 - 6*g - 15. Give u(o).
40
Let s(g) = -5*g - 4. Let v(x) = x**3 - 13*x**2 + 12*x + 5. Let p be v(12). What is s(p)?
-29
Let i(j) = 7*j - 7. Let p(v) = -6*v + 184. Let m be p(31). Calculate i(m).
-21
Let z(w) = 5*w**2 - w - 2. Let u be z(2). Let l(o) = u*o - o**2 + 2 + 2*o**3 - 16*o - 4. What is l(2)?
10
Let h(s) = s**3 + 14*s**2 + 48*s - 3. Let p be h(-8). Let o(l) = 0*l**3 + 0 + 1 - l**3 - 3*l**2 - 2*l. Determine o(p).
7
Let k = -435 + 435. Let z(v) = 2*v + 14. Calculate z(k).
14
Let h(z) = 3*z - 5. Let x(c) = 3*c - 5. Let q(r) = 4*h(r) - 3*x(r). Suppose 3*p = 5*l - 8, 0 = p + l - 2*l. Calculate q(p).
7
Let u(x) = x**2 + 7*x + 2. Let z be 2/(-8)*9*(-3 - 1). Suppose -5*v - 30 = 3*h - h, v = -h - z. Determine u(h).
-8
Let z(g) = 3*g. Suppose 24*h - 28*h = 0. Suppose 2*b + 6 = -4*p, h*b + 5*b + 4*p = -21. What is z(b)?
-15
Let c(r) = -r**3 + 7*r**2 + 4*r + 35. Let a(y) = y**2 + 19*y + 86. Let i be a(-13). Let m be c(i). Let q(v) = 2*v**2 - 3*v - 4. Give q(m).
5
Suppose 8*x + 1 = -7. Let w be (-6)/(-4)*(-16)/(-6). Let u = w - x. Let t(f) = f**2 - 4*f - 7. Give t(u).
-2
Let a(m) = -2*m**3 + 36*m**2 - 2*m + 43. Let q be a(18). Let k(d) = -d**2 + 9*d - 9. Calculate k(q).
5
Suppose -k - g - 2 = 0, -3*k - 3*g - 2 = 2*k. Let u(l) = 75*l**3 - 2 - 5*l**k + 3 - 6 - 6*l - 76*l**3. What is u(-4)?
3
Let l = -799 + 799. Let y(j) = -j**2 + 2*j + 5. Determine y(l).
5
Let v(i) = -41 + 3*i - 45 + 77. What is v(7)?
12
Let v = -1 - 7. Let p be (-4)/10*((-136)/v - 2). Let w(z) = -7 + 3*z + 2*z - z**3 - z - 5*z**2. What is w(p)?
5
Let s(v) = v**2 - v - 2. Let f = -203 + 288. Suppose -15 = 14*k - f. Calculate s(k).
18
Let p(g) = 13*g + 9*g**2 - 4*g - 38 + 61 - 34 - g**3. Give p(10).
-21
Let d(q) = 6*q - 18. Let s(t) = -4*t. Let g(m) = d(m) + 2*s(m). What is g(-8)?
-2
Let f(k) = -5*k - 316*k**2 + 644*k**2 + 6 - 327*k**2. What is f(6)?
12
Let w(l) = l - 1. Let a(i) = 2*i**2 + 3*i - 22. Let u(r) = a(r) + w(r). Let m(k) be the first derivative of u(k). Give m(-4).
-12
Let y(l) = 1 + 1 - 2 + l - 6. Let c(a) = a**3 + 3*a**2 + 4*a + 5. Let f be c(0). What is y(f)?
-1
Let a(s) = -30*s**3 - 41 - 9*s + 9*s + 13*s**3 + 16*s**3. Give a(0).
-41
Let w(d) = -1575*d**2 + 3165*d**2 + 5*d - 1591*d**2 - 1 - d + 2*d. Suppose 0*f - 12 = -2*f. Determine w(f).
-1
Let p(f) be the first derivative of 3*f**2/2 - 19*f + 33. Give p(0).
-19
Let z(y) be the third derivative of -y**4/12 - y**3/6 - 526*y**2. Suppose p = -2*l - 4 - 5, 0 = p - l. Determine z(p).
5
Let p(i) be the third derivative of -i**6/720 - i**5/60 - i**4/12 + 4*i**2. Let q(z) be the second derivative of p(z). Let o = 14 - 16. Give q(o).
0
Let f(x) = -x**2 + x - 3. Let i(l) be the third derivative of l**4/12 - 13*l**3/6 - 21*l**2. Let h be i(8). Determine f(h).
-9
Let p(w) = -9*w + 3. Let y(n) = -6. Let l(f) = -p(f) - 2*y(f). Calculate l(-2).
-9
Let z(b) = -b + 10. Let i(k) = -k**3 + 4*k**2 + k + 1. Let f be i(4). Suppose -7*c + f*c = 10. Let q be (-32)/c + 12/20. Calculate z(q).
3
Let h(o) = -o**2 - 22*o - 16. Let f(i) = 3*i**2 + 64*i + 50. Let r(m) = -4*f(m) - 11*h(m). Give r(-11).
9
Let q(i) = -2*i - 8*i + 3 - 26 - 2*i + 2*i. Give q(-2).
-3
Let n(i) = -17*i - 63. Let k(u) = -13*u - 64. Let l(t) = -5*k(t) + 4*n(t). Determine l(23).
-1
Let n(v) = 11*v + 9. Let k(p) = -16*p - 14. Let o(b) = 5*k(b) + 7*n(b). Let x = 610 - 615. Calculate o(x).
8
Suppose 60*x - 55*x = -25. Let l(h) = h. Give l(x).
-5
Let j be (24/9)/(4/(-6)). Let z(s) = 6*s**2 + 10*s + 2. Let t be z(j). Let a be t/(-15) - 18/135. Let w(k) = -4*k - 6. Determine w(a).
10
Let v be 4/6*7*-3. Let i = v + -21. Let h = 30 + i. Let f(c) = c**2 + 5*c - 5. What is f(h)?
-5
Suppose -91*d + 89*d + 30 = 5*i, -2*i + 8 = 0. Let x(z) be the second derivative of 0 - 1/6*z**3 + z - z**2. Determine x(d).
-7
Let s(r) = -27*r**2 - 6*r - 38. Let l(b) = 10*b**2 + 4*b + 13. Let z(c) = 8*l(c) + 3*s(c). Determine z(11).
23
Let x(q) = -q**3 + 5*q**2 - 4*q + 2. Let v(b) = -114*b - 224. Let u be v(-2). Determine x(u).
2
Let g(v) = 5*v + 2. Let z(i) = -i - 1. Let u(f) = -g(f) - 4*z(f). Let b be 3 + (0 + 1 - (9 + -8)). What is u(b)?
-1
Let d(t) be the third derivative of -t**6/120 - t**5/20 + t**4/24 - t**3/2 - t**2. Let x be 0*(-1)/(2 + -1). Suppose 2*f + f + 9 = x. What is d(f)?
-6
Let c(k) = 25*k + 7. Let y(t) = -71*t - 19. Let r(p) = 17*c(p) + 6*y(p). Give r(8).
-3
Let p(n) be the second derivative of -n**4/12 + n**3/2 + 23*n**2/2 + 9*n. Let q be p(6). Let t(c) = -c**3 + 5*c**2 + c - 3. What is t(q)?
2
Let f(t) = -2*t + 4. Let a = 100 - 103. Give f(a).
10
Suppose 4*a + 2*j - 4 = 0, 5*a + 10*j - 3 = 8*j. Let d(l) = l + l - 6*l. Give d(a).
4
Suppose n - 66 = 12*n. Let t(o) = -o**3 - 7*o**2 - 4*o - 8. Calculate t(n).
-20
Let d(k) be the third derivative of k**9/60480 + k**8/6720 - k**7/5040 - k**6/720 + 3*k**5/10 - 17*k**2. Let j(h